vert 1746 (base 10) to base 3.
2101200
-699 (base 10) to base 3
-221220
55 (base 9) to base 6
122
What is 31130 (base 5) in base 13?
c0c
Convert 311 (base 14) to base 3.
211100
Convert -2101 (base 7) to base 6.
-3224
-12165 (base 7) to base 14
-1235
What is -301444 (base 6) in base 13?
-aa44
-31302 (base 10) to base 11
-21577
What is -2660 (base 9) in base 7?
-5553
Convert 2022220011 (base 3) to base 12.
2264a
What is 27029 (base 10) in base 5?
1331104
What is 5779 (base 14) in base 3?
202211221
-25 (base 16) to base 15
-27
252 (base 8) to base 5
1140
Convert 253022 (base 8) to base 10.
87570
What is 100112120 (base 3) in base 12?
4036
38253 (base 9) to base 2
110010001111101
Convert 2564 (base 7) to base 8.
1721
What is 3b3 (base 14) in base 10?
745
What is -35205 (base 6) in base 15?
-1765
Convert -11010001001100 (base 2) to base 4.
-3101030
Convert -12a (base 13) to base 5.
-1310
What is -2873 (base 10) in base 6?
-21145
Convert 221 (base 12) to base 2.
100111001
-735 (base 10) to base 12
-513
Convert -102 (base 7) to base 13.
-3c
What is 17550 (base 8) in base 5?
224130
1981 (base 10) to base 15
8c1
What is 7a9 (base 16) in base 2?
11110101001
What is 60b8 (base 13) in base 8?
32025
What is 7a33 (base 12) in base 9?
20553
-1384 (base 10) to base 6
-10224
Convert -2330 (base 5) to base 14.
-1a4
Convert -605 (base 11) to base 16.
-2db
What is 110112232 (base 4) in base 10?
83374
371 (base 12) to base 15
247
298 (base 10) to base 4
10222
What is -a9 (base 13) in base 14?
-9d
What is -6134 (base 7) in base 16?
-854
What is 331100 (base 6) in base 4?
12231030
What is -205cc (base 14) in base 6?
-1401024
What is 1a576 (base 11) in base 4?
12333133
Convert -145 (base 9) to base 6.
-322
-3932 (base 14) to base 4
-2130320
What is 10001100110 (base 2) in base 8?
2146
1b8a2 (base 12) to base 3
2002021012
What is b5c9 (base 16) in base 13?
1824a
What is -341 (base 5) in base 11?
-88
What is 57 (base 9) in base 7?
103
Convert 529 (base 12) to base 2.
1011110001
What is 111201 (base 4) in base 6?
10213
-1100010111 (base 2) to base 10
-791
-102201 (base 3) to base 6
-1244
What is 662d (base 14) in base 12?
a295
What is -1a7 (base 13) in base 7?
-615
-49a (base 14) to base 2
-1110011000
Convert -757 (base 11) to base 3.
-1020200
What is 13341 (base 7) in base 5?
103411
-22613 (base 10) to base 2
-101100001010101
Convert -18a5 (base 13) to base 9.
-5043
Convert 1670 (base 16) to base 2.
1011001110000
8592 (base 11) to base 8
26132
Convert 1093 (base 10) to base 3.
1111111
What is 802 (base 13) in base 10?
1354
-52441 (base 6) to base 10
-7081
What is 1bc2 (base 15) in base 7?
23405
What is 1002211220 (base 3) in base 4?
11103333
1020110 (base 4) to base 9
6312
58160 (base 10) to base 13
2061b
What is 17e90 (base 15) in base 9?
127320
Convert -4110 (base 5) to base 16.
-212
Convert 100000011100 (base 2) to base 8.
4034
Convert 12041 (base 8) to base 12.
2b95
-1000110111100 (base 2) to base 15
-152a
-23303 (base 5) to base 8
-3247
What is 1110002110 (base 3) in base 2?
110111101010001
Convert -105134 (base 7) to base 8.
-44244
Convert 1355 (base 10) to base 6.
10135
-1579 (base 12) to base 14
-cd7
What is -613 (base 7) in base 3?
-102021
1216 (base 14) to base 10
3156
Convert -2014 (base 9) to base 13.
-892
3210103 (base 4) to base 5
431421
-3104 (base 8) to base 7
-4451
What is 4030 (base 7) in base 4?
111301
What is 870 (base 11) in base 14?
549
What is -10121000 (base 3) in base 4?
-220323
What is 2c0 (base 16) in base 13?
422
What is -13134 (base 5) in base 3?
-1102200
-10131100 (base 4) to base 8
-43520
What is 36d (base 15) in base 6?
3334
-26c (base 14) to base 8
-750
What is 17c97 (base 13) in base 11?
316a2
What is -a57 (base 15) in base 14?
-bc8
What is 1202000 (base 3) in base 8?
2365
What is -394a (base 12) in base 10?
-6538
-559 (base 14) to base 4
-100203
What is -138161 (base 9) in base 4?
-110223130
-31344 (base 10) to base 13
-11361
What is 1152c (base 15) in base 8?
153577
21203 (base 8) to base 6
104523
-6710 (base 8) to base 5
-103103
Convert 74 (base 15) to base 16.
6d
What is -15ed (base 15) in base 10?
-4723
Convert 4930 (base 11) to base 5.
201241
7032 (base 14) to base 3
222102001
-1101 (base 7) to base 13
-243
What is -10523 (base 14) in base 12?
-1a997
What is 102611 (base 7) in base 5?
1032140
Convert -1b0d (base 15) to base 3.
-22001011
200422 (base 7) to base 11
23461
153 (base 10) to base 14
ad
What is 950 (base 12) in base 7?
3645
What is -22749 (base 10) in base 5?
-1211444
What is -211011100 (base 3) in base 14?
-5c5d
What is -450 (base 10) in base 13?
-288
What is 10001001101 (base 2) in base 13?
669
463 (base 14) to base 7
2353
What is -612 (base 13) in base 14?
-537
1e49 (base 15) to base 5
202334
-110000111001 (base 2) to base 10
-3129
Convert d95 (base 14) to base 6.
20223
Convert 4345 (base 6) to base 15.
46b
What is -3310 (base 5) in base 13?
-290
What is 204 (base 12) in base 2?
100100100
What is 247 (base 15) in base 6?
2221
Convert -159 (base 11) to base 13.
-113
Convert -b0 (base 14) to base 3.
-12201
Convert -1202210 (base 3) to base 10.
-1290
What is -234 (base 11) in base 13?
-186
Convert 70526 (base 8) to base 14.
a806
1725 (base 8) to base 2
1111010101
Convert 21201 (base 4) to base 14.
317
What is -1268 (base 10) in base 4?
-103310
What is 122222 (base 3) in base 4?
13211
What is -340 (base 11) in base 5?
-3112
Convert -246 (base 7) to base 10.
-132
What is -31020 (base 4) in base 6?
-3520
What is -110000001100 (base 2) in base 6?
-22140
-107b (base 13) to base 8
-4373
675 (base 8) to base 9
544
-5445 (base 9) to base 13
-1a96
-77 (base 13) to base 3
-10122
What is 10000101001 (base 2) in base 6?
4533
What is -1206 (base 8) in base 6?
-2554
-14022 (base 6) to base 2
-100001111110
Convert -20200131 (base 4) to base 16.
-881d
Convert -10010011101 (base 2) to base 6.
-5245
Convert -11310212 (base 4) to base 2.
-101110100100110
Convert 11011100110001 (base 2) to base 14.
5213
Convert 1122122 (base 3) to base 9.
1578
Convert 36502 (base 7) to base 13.
4435
Convert -244c6 (base 13) to base 11.
-46170
What is 122 (base 11) in base 9?
171
What is -101100110 (base 2) in base 11?
-2a6
What is -6c6 (base 13) in base 12?
-820
Convert 2227 (base 14) to base 13.
2900
9a24 (base 11) to base 13
6027
What is -21236 (base 8) in base 11?
-6727
Convert -374 (base 11) to base 12.
-310
What is -77c (base 15) in base 10?
-1692
What is -11425 (base 12) in base 4?
-11220131
Convert -19549 (base 10) to base 6.
-230301
4133 (base 5) to base 8
1037
Convert -100010111 (base 3) to base 12.
-3a27
What is -2cb (base 14) in base 5?
-4241
Convert -1109 (base 13) to base 8.
-4507
-5141 (base 6) to base 7
-3220
Convert -522 (base 8) to base 9.
-415
What is 4584 (base 11) in base 10?
6021
What is -5c0 (base 16) in base 6?
-10452
What is -20888 (base 9) in base 7?
-55244
Convert -41226 (base 7) to base 15.
-2eb0
Convert 14409 (base 11) to base 4.
10333222
Convert -24c6 (base 13) to base 3.
-21011210
What is 26022 (base 8) in base 14?
417c
-4077 (base 10) to base 5
-112302
Convert -324 (base 9) to base 2.
-100001001
Convert 123462 (base 8) to base 9.
64637
-133014 (base 8) to base 9
-70832
Convert -52700 (base 9) to base 11.
-24194
What is 747 (base 11) in base 16?
382
Convert -472 (base 10) to base 7.
-1243
What is -1101100100110110 (base 2) in base 10?
-55606
Convert -122 (base 10) to base 14.
-8a
Convert 790 (base 13) to base 14.
68c
-10202120 (base 3) to base 4
-222312
5c88 (base 15) to base 16
4cf7
-7066 (base 8) to base 10
-3638
What is -160120 (base 7) in base 12?
-16124
-5442 (base 7) to base 14
-9c9
-836 (base 13) to base 5
-21042
Convert -178 (base 12) to base 2.
-11101100
Convert 580 (base 10) to base 14.
2d6
What is -1144 (base 8) in base 5?
-4422
Convert 1068 (base 12) to base 16.
710
What is -2678b (base 12) in base 15?
-10a55
What is -1021021200 (base 3) in base 2?
-110000110100001
Convert -102 (base 9) to base 7.
-146
-1702 (base 8) to base 16
-3c2
What is c852 (base 14) in base 4?
20130020
30011003 (base 4) to base 16
c143
Convert 21d (base 16) to base 12.
391
What is -67 (base 8) in base 3?
-2001
-1010011110 (base 2) to base 4
-22132
What is 3b49 (base 15) in base 13?
59c7
What is -110011120 (base 3) in base 13?
-4065
What 